3 - 5*c**2 - c + 9. Let x be -4 + (17 - (-3 + -1)). Let p(z) = x*l(z) + 6*j(z). What is p(6)?
3
Let b(m) = -m**2 + 3*m. Let z(h) = h + 15. Let v be (8/(-3))/(2/6). Let s be z(v). Suppose -5 - s = -3*d. What is b(d)?
-4
Suppose -4*i + 3 + 1 = 0. Suppose 7*w - 2*w + 2*p - 12 = 0, -2*w - 2*p + 6 = 0. Let n(j) = 4*j + 8*j**w + 1 - 5*j - j. What is n(i)?
7
Suppose 3*l + 3*v + 22 = v, -3*v = -4*l - 1. Let o(u) = -u. Let w be o(-4). Let f(s) = w*s - 1 - 6*s + 2 - 2. Calculate f(l).
7
Let o(m) = -m**2 + 9*m - 7. Let i be o(8). Let g be i/2*(0 - 2). Let h(d) = 17*d + 3. Let v(r) = -8*r - 1. Let l(j) = 2*h(j) + 5*v(j). Calculate l(g).
7
Let n(x) = 6*x**3 - 3*x**2 + 0*x**2 + 5*x**2 - 1. Suppose 4*p - s = 12, -s = -4*p + 3*p. Let j(d) = -d + 5. Let f be j(p). Calculate n(f).
7
Let z(u) = -u + 1. Let q(h) be the third derivative of -h**4/24 - h**3/2 - h**2. Let j(k) = -q(k) + 4*z(k). Calculate j(6).
-11
Let a = -2 - -6. Let z be (-1)/2*0 + 2. Let y(g) = -a*g + g - g**z - 2*g + 5. Determine y(-5).
5
Let i(q) = -q**3 + 7*q**2 + 2*q - 5. Let v be i(7). Let y(k) = -k + 11. Let w be y(v). Let t(d) = -3 + w*d + 1 + 8 + 0. What is t(-4)?
-2
Let l(y) = y**3 + 7*y**2 + 5*y - 6. Let w be l(-6). Let r(z) = -z - 7*z**3 + w*z + 18*z**3. Give r(-1).
-10
Let n(w) be the first derivative of 1/3*w**3 + 4*w + 1 + 5/2*w**2. Let r(a) = a + 6. Let k be r(-10). Determine n(k).
0
Let w(r) = 2*r**2 - 2*r**3 + 2*r + 3*r**3 + 3*r**3 - 3*r**3 - 2. Give w(-2).
-6
Let c = 7 + -10. Let i be (5 + c)*(4 - 0). Let v be i/(-6)*6/4. Let o(g) = 2*g + 3. What is o(v)?
-1
Let f(u) = 6*u**3 + 2*u + 1 + 5*u**2 - 6*u**2 - 3*u. Let c be f(1). Let t(h) = -6*h + 4*h - 2 + h**3 + 3*h**2 + c. What is t(-4)?
-5
Let u(m) be the second derivative of m**4/6 - m**3/3 - m**2/2 + 4*m. Suppose -3*y = y - 84. Let h be y/12 - 2/(-8). Determine u(h).
3
Let i(d) = 2*d + 7. Let a = 156 + -151. Determine i(a).
17
Let k(i) = -i**2 + 4*i + 4. Suppose -x + 4*o = -16, 0*o = -x - o + 1. Give k(x).
4
Let g(i) be the second derivative of i**3/3 + 5*i**2/2 - 8*i. What is g(6)?
17
Suppose -17 = -c - 15. Let d(y) = -y**2 - y - 1. What is d(c)?
-7
Let b be (8/10)/((-6)/15). Let t(c) = -c**3 - 9*c**2 - 3*c + 3. Let y(w) = 5*w**3 + 46*w**2 + 14*w - 14. Let n(j) = b*y(j) - 11*t(j). What is n(-6)?
1
Let w be (18/(-10))/((-21)/(-105)). Let c(t) = t**2 + 7*t - 12. What is c(w)?
6
Let p be -2*(-2)/2 - 0. Suppose -5*j = -p*m + 4, 0 = -2*m + 2*j - j + 4. Let h(y) = y**m + 2*y + 2 + y - 7. Give h(-4).
-1
Let r(v) = -1. Let h(q) = -9*q - 10. Let o(z) = -8*z - 9. Let a(k) = 6*h(k) - 7*o(k). Let l(f) = a(f) + 6*r(f). What is l(4)?
5
Let v(u) = 5*u - 6. Let i(p) = -2*p + 3. Let l(h) = 7*i(h) + 3*v(h). Give l(-2).
1
Let x(h) = -h**3 - 5*h**2 - 4*h + 1. Let n be x(-4). Let v be (-1 + 1 - -2) + 1. Let u be (v - 1 - 1)/n. Let j(q) = -q**3 - 2*q**2 + 2*q - 1. Calculate j(u).
-2
Let m(j) = -j + 8. Let l be m(7). Let y(g) = 8*g**2 + 1. What is y(l)?
9
Let f(z) = z**2 + 5*z - 2. Let t be f(-6). Let o(a) = 2*a**2 - 6*a + 2. Let d be o(t). Suppose 0 = -3*q - 2*q - d. Let r(m) = 3*m**2 + 2*m - 2. Give r(q).
6
Let y(j) be the second derivative of -j**3/3 - 5*j**2/2 + j. Let v be 0 - (-3)/((-3)/(-2)). Suppose -v = a + 2. Calculate y(a).
3
Let f(a) be the first derivative of -1/4*a**4 - a**3 - 6 + 0*a**2 - 3*a. Give f(-3).
-3
Let i(t) = 4*t - 2. Let s(p) = 2*p**3 + 20*p**2 - 2*p - 14. Let z be s(-10). Calculate i(z).
22
Let s(q) be the first derivative of -q**2 - 5*q + 17. Calculate s(6).
-17
Let l be 60/18 + 2/(-6). Suppose l = -3*h - 15. Let v(t) = -t**2 - 6*t - 1. Calculate v(h).
-1
Let o(w) = 3*w. Let c be o(2). Let z = c + -4. Let r be -5*(2/z + 0). Let y(b) = -b**2 - 7*b - 7. Calculate y(r).
3
Let o(i) = -7*i. Let c(v) = 9*v - 98. Let x be c(11). Determine o(x).
-7
Let m = -29 - -27. Let z(a) = -a**3 - a**2 + a. Determine z(m).
2
Let j be (-2)/(-2) + (-10)/2. Let t(q) = q**2 + q - 1. What is t(j)?
11
Let i be (-2)/(-13) + (-126)/(-26). Let n(r) = 7*r**2 - i*r - r + 10 - 8*r**2 - r. Determine n(-7).
10
Let b = -3 + 2. Let d(v) be the second derivative of 1/2*v**2 + 4/3*v**3 - 3*v + 0. Determine d(b).
-7
Let x(i) = i + 11. Let f be x(-16). Let n(l) = -l - 8. What is n(f)?
-3
Suppose 0 = 2*l + l - 6. Let q(x) = -8*x - 7 - 2*x**2 - l*x**2 + 3*x**2. Calculate q(-5).
8
Let f(l) = -5*l**3 - 10*l**2 + 2*l - 1. Let o(d) = -d**3 - d**2. Let a(j) = f(j) - 6*o(j). What is a(3)?
-4
Let v be (-3 + 0 + 3)*1. Let x be (-3 - -4)*(0 - -1). Let w(b) = -4 + v - b - x. Calculate w(-4).
-1
Let j(z) = -z - 2. Suppose 4*k - 12*k = 0. Determine j(k).
-2
Let v(r) = 26 - 4 - 18 - r. Determine v(6).
-2
Let i(n) be the first derivative of -5*n**3/3 + 3*n**2/2 - 3*n - 13. What is i(2)?
-17
Suppose -2*n - n = 2*l + 20, 16 = -3*n - l. Let v(k) be the third derivative of k**5/60 + k**4/4 + 5*k**3/6 + 8*k**2 - 2. Determine v(n).
-3
Let j(g) = -2 + 3 - 15*g + 17*g. Determine j(-6).
-11
Let s(j) = -j**3 + 6*j**2 - 2*j - 4. Suppose 0 = -z - 3*z - 28. Let q be (-37)/z - 16/56. What is s(q)?
11
Let t(j) = 2*j + 1. Let m(d) = 9*d + 6. Let o(z) = 2*m(z) - 11*t(z). Calculate o(-1).
5
Suppose -5*i + 1 = 11, -4*j + 40 = 2*i. Let l(m) = -m**3 + 12*m**2 - 11*m - 5. Calculate l(j).
-5
Let y(d) = -d**3 + 6*d**2 - 5*d - 4. Suppose 0 = -3*h - 15 - 3. Let u be (30/25)/(h/(-20)). Calculate y(u).
8
Let h(b) = -11*b**3 - 19*b**2 - 19*b - 21. Let p(z) = -5*z**3 - 9*z**2 - 9*z - 10. Let r(j) = -6*h(j) + 13*p(j). Determine r(3).
-13
Let n(m) be the second derivative of -m**6/240 + m**5/20 - 2*m**4/3 - 4*m. Let h(g) be the third derivative of n(g). What is h(4)?
-6
Let c(d) = 0*d - 8*d + 0 + 2. Let o be (-67)/(-5) - 6/(-10). Let h(p) = -3*p + 1. Let j(r) = o*h(r) - 5*c(r). What is j(3)?
-2
Let m = -1 - 3. Let c(w) = 3*w**2 - 6*w + 13. Let o(d) = 2*d**2 - 3*d + 7. Let u(x) = 3*c(x) - 5*o(x). Give u(m).
0
Let j be -4*(-2 + 39/12). Let z(b) = 4*b - 3. Let a(o) = 3*o - 1. Let d(v) = 5*a(v) - 3*z(v). Determine d(j).
-11
Suppose -4*n = -4*m - 32, 4*n + 3 = m - 4*m. Let h(w) be the second derivative of -1/12*w**4 - 1/20*w**5 + 0 + 1/3*w**n + 2*w - 1/2*w**2. Calculate h(-2).
-1
Let g(c) = -2*c - 6. Suppose -2*j = -8 - 0. Let l = j + 1. Suppose -4*w + 0*v = -2*v + 18, w - l*v - 9 = 0. Determine g(w).
6
Let d = 0 + 4. Let i(q) = d*q + 2*q - q. Calculate i(-1).
-5
Suppose -4*b + 12 = -0. Let r(s) = 0*s**b - 2 - 5*s**2 - s**3 + 5*s + 6. Give r(-6).
10
Let q(m) = 2*m + 2. Let s = 3 - 8. Give q(s).
-8
Let u(c) be the first derivative of 0*c + 1/3*c**3 + 2 - 1/2*c**2 - 1/60*c**5 + 1/12*c**4. Let s(m) be the second derivative of u(m). Give s(-2).
-6
Let c(j) = 0 + 4*j**2 + 0 + j + 2 - 5*j + j**3. Let d be c(-4). Let a be (-112)/(-18) + (-4)/d. Let h(w) = w**3 - 5*w**2 - 8*w + 5. Give h(a).
-7
Let k(w) = 8*w**3 - 12*w**2 + 4*w - 12. Let i(c) = -7*c**3 + 11*c**2 - 4*c + 11. Let a(r) = 7*i(r) + 6*k(r). Let j be 14/(-4)*(-120)/105. Calculate a(j).
5
Let n(u) = u**2 + 3*u - 2. Let l be n(-3). Let w(x) = x**2 + x - 1. Let o(k) = -3*k**2 - 4*k + 1. Let m(b) = -o(b) - 2*w(b). Determine m(l).
1
Let g(l) be the first derivative of -1/2*l**2 - 2 + 8*l. Give g(5).
3
Let j(b) = 10*b**3 + b**2. Let q be j(-1). Let t = -3 - q. Let u(z) = -z + 9. Determine u(t).
3
Let m be (-16)/(-72) + (-25)/(-9). Suppose 3*p + m = -3. Let v(f) be the third derivative of f**4/8 - f**2. Give v(p).
-6
Let f = 12 + -18. Let w(s) = -s**2 - 8*s - 7. What is w(f)?
5
Let q = 14 + -23. Let l(y) = y**2 + 9*y. Calculate l(q).
0
Let i(d) be the third derivative of -7*d**4/24 + d**3/6 + d**2 + d. Give i(1).
-6
Let j(x) = 1. Let h(a) = a**2 + 4*a - 2. Let s(g) = h(g) - 3*j(g). Give s(-5).
0
Suppose -3*q + 16 = 2*b, -3*q + b = -24 - 4. Let g(p) = -3*p + 10. What is g(q)?
-14
Suppose a - 6 = 3. Suppose -a - 7 = 4*p. Let h(q) = -q**2 - 5*q - 3. Give h(p).
1
Let n(b) = -10*b**3 + 2*b**2 + b + 3. Let a(g) = -11*g**3 + 2*g**2 + g + 4. Let k(y) = 3*a(y) - 4*n(y). What is k(-1)?
-8
Suppose 0 = 2*y - 3*u + 15, -5*y = -u - 6 + 24. Let i = 6 + y. Let l(d) = -1 + 3*d - 1 - 5*d**2 + 4*d**2. What is l(i)?
-2
Suppose 56 = 19*p - 39. Let m = 6 + -4. Let x(z) = z**m + 0*z - 9 - 2*z + 2. Give x(p).
8
Suppose 3*d + 9 = 6*d. Suppose a + 1 = d. Let t(j) be the first derivative of -j**4/4 + 2*j**3/3 - 3*j**2/2 + 1. Determine t(a).
-6
Let x(k) be the third derivative of k**4/24 + 2